422621943 a prime number?
True
Is 993623401 a composite number?
False
Is 37285928501 a composite number?
False
Is 42127624073 a prime number?
False
Is 5488708637 composite?
False
Is 1350809237 a prime number?
False
Is 2894814047 a composite number?
False
Is 45105717757 a prime number?
False
Is 818993269 prime?
False
Is 47758007173 a composite number?
True
Is 186184127 a prime number?
True
Is 18299911777 a prime number?
False
Is 9436245451 composite?
True
Is 702161699 composite?
False
Is 11909218721 prime?
True
Is 33882057161 composite?
False
Is 347815781 a prime number?
True
Is 1301219251 composite?
True
Is 2315025827 composite?
False
Is 51837460903 a composite number?
False
Is 21480661127 composite?
True
Is 792672137 a composite number?
False
Is 100451771687 a prime number?
False
Is 1940481653 composite?
True
Is 3978430597 a prime number?
False
Is 16915005439 prime?
True
Is 2668453457 a composite number?
True
Is 5346204503 composite?
False
Is 3797328271 composite?
True
Is 6113694347 a composite number?
False
Is 1514509823 prime?
True
Is 708739481 a prime number?
True
Is 502705523 composite?
False
Is 754717991 prime?
True
Is 94303183453 a composite number?
True
Is 1145583319 composite?
False
Is 8194909603 prime?
False
Is 6723273665 prime?
False
Is 24483580567 a prime number?
True
Is 12214474157 composite?
False
Is 3070612423 composite?
True
Is 169737194927 composite?
False
Is 1300530149 a composite number?
False
Is 2721632959 a prime number?
True
Is 30959501213 a prime number?
False
Is 752970707 composite?
False
Is 316506403663 a prime number?
True
Is 19047671089 composite?
False
Is 121527017 prime?
True
Is 734272837 prime?
False
Is 1428067019 a composite number?
True
Is 198782393 prime?
True
Is 97166087 a composite number?
True
Is 80845301521 composite?
False
Is 531136973 a composite number?
False
Is 34890849797 composite?
False
Is 22092563321 a prime number?
True
Is 19825937227 a composite number?
True
Is 8932619251 prime?
False
Is 7799543155 composite?
True
Is 41069827523 a composite number?
False
Is 11757501289 a prime number?
True
Is 14215356277 prime?
True
Is 1387768069 a prime number?
True
Is 2741379133 a composite number?
True
Is 3854491657 a prime number?
True
Is 953831353 a prime number?
True
Is 58652350039 prime?
False
Is 9707282977 a composite number?
True
Is 382594207 prime?
False
Is 38598868941 prime?
False
Is 28895718766 a prime number?
False
Is 5597749789 prime?
True
Is 25437319 a prime number?
False
Is 834346031 prime?
False
Is 56677579391 a prime number?
False
Is 82272171209 a composite number?
True
Is 1228670021 a composite number?
False
Is 4035599 prime?
True
Is 226307539481 a prime number?
True
Is 1247121931 a prime number?
False
Is 1509560569 a prime number?
False
Is 47775132829 prime?
True
Is 2059334639 a composite number?
True
Is 177245355631 a composite number?
True
Is 333384512389 composite?
True
Is 130037069533 a prime number?
False
Is 27913973183 a composite number?
False
Is 547331243 composite?
False
Is 943095277 a composite number?
True
Is 5698627009 prime?
False
Is 9942269153 a prime number?
True
Is 36258219749 composite?
True
Is 557280817 a prime number?
False
Is 119144164793 composite?
False
Is 22599129871 composite?
False
Is 2034582955 prime?
False
Is 331098854 a prime number?
False
Is 35959638307 a prime number?
True
Is 641979215 a composite number?
True
Is 17688343 composite?
True
Is 3402028063 composite?
True
Is 69445180381 a prime number?
True
Is 4167506927 a composite number?
False
Is 490222991 composite?
False
Is 2406947399 composite?
True
Is 3625097761 composite?
True
Is 4132648033 composite?
False
Is 307159991 a prime number?
False
Is 3894332759 composite?
False
Is 612573671 a prime number?
False
Is 256588261 a composite number?
False
Is 1730355983 a prime number?
True
Is 67963213441 a prime number?
True
Is 592308131 prime?
True
Is 2256704809 prime?
True
Is 4823739013 a composite number?
False
Is 2571919109 composite?
False
Is 103300343 composite?
False
Is 10425298469 a prime number?
True
Is 985282778 prime?
False
Is 3980376947 a prime number?
True
Is 266310285179 composite?
False
Is 228888151 a prime number?
True
Is 4875463843 a composite number?
False
Is 109292467 composite?
False
Is 25068914401 a composite number?
False
Is 7381126117 a prime number?
True
Is 18655230439 a prime number?
True
Is 2274085897 a prime number?
False
Is 24633604217 a prime number?
True
Is 114616561 a composite number?
True
Is 33998539 a composite number?
False
Is 2011485803 a prime number?
False
Is 726975377 a prime number?
False
Is 18351599153 composite?
False
Is 30524273231 a composite number?
True
Is 356586121 a prime number?
True
Is 1029152507 composite?
True
Is 421296319 a prime number?
False
Is 2638445461 composite?
True
Is 14477615602 prime?
False
Is 851742421 prime?
True
Is 796055489 a composite number?
False
Is 97777641571 a composite number?
False
Is 29622087357 a composite number?
True
Is 837527303 prime?
True
Is 1073046649 a prime number?
False
Is 796330999 a prime number?
False
Is 1478774911 prime?
False
Is 2584323727 composite?
False
Is 18387211 composite?
False
Is 6870906137 a composite number?
False
Is 157179509 prime?
False
Is 29162488013 a composite number?
False
Is 1289647811 a composite number?
False
Is 12357345971 a composite number?
True
Is 34934364277 a composite number?
False
Is 3464031691 a composite number?
True
Is 1749167611 a prime number?
True
Is 1986606539 a prime number?
True
Is 63301053507 composite?
True
Is 7493035307 prime?
True
Is 32917643 prime?
False
Is 10345213353 prime?
False
Is 1922146573 a composite number?
True
Is 67597481 a composite number?
True
Is 806320453 composite?
True
Is 147249650567 composite?
True
Is 3728901073 prime?
True
Is 1909416181 prime?
True
Is 4616429 a composite number?
True
Is 5109804107 a composite number?
True
Is 2800596499 composite?
False
Is 14710091503 a composite number?
True
Is 390554207 prime?
True
Is 1704708647 prime?
True
Is 2377979333 a composite number?
True
Is 11246519177 prime?
True
Is 45962061 a prime number?
False
Is 834533789 a prime number?
False
Is 1203909569 prime?
True
Is 8614164617 a composite number?
False
Is 3623630489 a prime number?
True
Is 162979371049 prime?
False
Is 108915931 prime?
False
Is 1383348579 prime?
False
Is 124904531 a composite number?
True
Is 31763617 prime?
True
Is 73854105637 a prime number?
False
Is 601287667 a prime number?
False
Is 1178258569 a composite number?
True
Is 1963401989 composite?
False
Is 38062852169 prime?
False
Is 3073443761 prime?
True
Is 351412853 composite?
True
Is 18159931297 composite?
True
Is 8110140281 a composite number?
False
Is 8140416329 composite?
False
Is 25261374001 a prime number?
True
Is 1755156031 a prime number?
True
Is 637811938 composite?
True
Is 12889601797 a prime number?
True
Is 683558531 prime?
True
Is 2921958703 a prime number?
True
Is 134770417 prime?
False
Is 35186786581 a composite number?
True
Is 4093056103 a composite number?
True
Is 23500046599 a composite number?
True
Is 2424637663 a prime number?
False
Is 1295480009 a composite number?
True
Is 3261683557 a composite number?
True
Is 4544530717 prime?
True
Is 8365336553 composite?
True
Is 191032991 a composite number?
False
Is 1866471683 a prime number?
True
Is 71416461 composite?
True
Is 6051978847 a composite number?
True
Is 4393431847 prime?
False
Is 26866931587 composite?
True
Is 7508530577 prime?
True
Is 3273866411 a composite number?
False
Is 278361947 a prime number?
True
Is 17195315 a composite number?
True
Is 3185077297 a prime number?
True
Is 14615144969 composite?
False
Is 27031724407 composite?
False
Is 569331497 composite?
True
Is 3208046533 prime?
True
Is 605321569 prime?
True
Is 308164357 prime?
False
Is 1191960433 a composite number?
True
Is 76954681 composite?
True
Is 9379683959 prime?
True
Is 47202791 a composite number?
True
Is 4305710369 a prime number?
True
Is 353415863 a composite number?
True
Is 1611171437 prime?
True
Is 2971024171 a prime number?
True
Is 30738020822 prime?
False
Is 78675769187 composite?
False
Is 4152529131 composite?
True
Is 498390101 a prime number?
False
Is 37140156103 composite?
False
Is 12315138761 composite?
False
Is 6085169347 prime?
True
Is 74783542937 composite?
False
I